{"id":765,"date":"2011-11-16T12:52:34","date_gmt":"2011-11-16T12:52:34","guid":{"rendered":"http:\/\/kreativ.fimotic.com\/?page_id=765"},"modified":"2011-11-16T13:31:21","modified_gmt":"2011-11-16T13:31:21","slug":"holzimitat-2-teil-1","status":"publish","type":"page","link":"https:\/\/kreativ.fimotic.com\/?page_id=765","title":{"rendered":"Holzimitat #2 Teil 1"},"content":{"rendered":"<p>Am Anfang war die Farbe \ud83d\ude09<br \/>\nHeisst wir brauchen verschiedene Braunt\u00f6ne.<br \/>\nJeh nach Farbwahl und Zusammenstellung imitiert sich eine Holzart ganz von allein, Gold gemischt mit Dunkelbraun wird &#8222;walnussbaumlastig&#8220;, helle Farbt\u00f6ne erinnern dann eher an IKEA in den Achzigern &#8211; und so weiter.<br \/>\nWas aber wirklich Spass macht, egal ob helleres oder dunkleres Holz ist der Effekt vom Effektfimo Gold und Bronce. Von diesen Farben immer ein kleines Bisschen mitgemischt wird unser Holzimitat einfach ein kleines Bisschen besser.<\/p>\n<p>Und so fange ich an Braunt\u00f6ne zu mischen.<br \/>\nHelles Braun mit Effekt-Gold gemischt&#8230;<\/p>\n<p><img decoding=\"async\" src=\"..\/wp-content\/uploads\/2011\/imitationen\/holz2\/fimoanleitung-holzimitat_1.jpg\" alt=\"Holzimitat aus Fimo - Anleitung von Fimotic.com\" \/><\/p>\n<p>&#8230;n\u00e4chste Platte etwas mehr Gold und etwas weniger Beige&#8230;<\/p>\n<p><img decoding=\"async\" src=\"..\/wp-content\/uploads\/2011\/imitationen\/holz2\/fimoanleitung-holzimitat_2.jpg\" alt=\"Holzimitat aus Fimo - Anleitung von Fimotic.com\" \/><\/p>\n<p>&#8230;schon gemischte Platten werden noch weiter ver\u00e4ndert in der Farbe.<\/p>\n<p><img decoding=\"async\" src=\"..\/wp-content\/uploads\/2011\/imitationen\/holz2\/fimoanleitung-holzimitat_3.jpg\" alt=\"Holzimitat aus Fimo - Anleitung von Fimotic.com\" \/><\/p>\n<p>Keine Hemmungen!<br \/>\nUnsere Farbpallette hat nur die Beschr\u00e4nkung die wir selbst bestimmen \ud83d\ude09<\/p>\n<p><img decoding=\"async\" src=\"..\/wp-content\/uploads\/2011\/imitationen\/holz2\/fimoanleitung-holzimitat_4.jpg\" alt=\"Holzimitat aus Fimo - Anleitung von Fimotic.com\" \/><\/p>\n<p>Sehen sich zwei Platten zu \u00e4hnlich einfach mutig weitermischen!<\/p>\n<p><img decoding=\"async\" src=\"..\/wp-content\/uploads\/2011\/imitationen\/holz2\/fimoanleitung-holzimitat_5.jpg\" alt=\"Holzimitat aus Fimo - Anleitung von Fimotic.com\" \/><\/p>\n<p>Nach den hellen T\u00f6nen kommen die rot-braun-lastigeren Farben wie &#8222;Terracotta&#8220; zum Beispiel.<\/p>\n<p><img decoding=\"async\" src=\"..\/wp-content\/uploads\/2011\/imitationen\/holz2\/fimoanleitung-holzimitat_6.jpg\" alt=\"Holzimitat aus Fimo - Anleitung von Fimotic.com\" \/><\/p>\n<p>Gold mit Terracotta und Terracotta mit Bronce, je mehr Zeit und Geduld f\u00fcr verschiedene Farbt\u00f6ne wir haben um so lebendiger wird das Holzimitat.<br \/>\nEs reichen <em>Nuancen<\/em> von Farbunterschieden um dem Holz Leben einzuhauchen.<\/p>\n<p><img decoding=\"async\" src=\"..\/wp-content\/uploads\/2011\/imitationen\/holz2\/fimoanleitung-holzimitat_7.jpg\" alt=\"Holzimitat aus Fimo - Anleitung von Fimotic.com\" \/><\/p>\n<p>Wenn alle Fimoplatten parat sind geht&#8217;s los!<br \/>\nIch habe auch nicht alle gleich dick genudelt; einfach darauf achten dass keine hauchd\u00fcnnen Platten dabei sind; wir werden noch ein paar mal reduzieren und wenn die Fimoplatten jetzt schon ganz ganz d\u00fcnn sind werden sie auf dem Weg verlorengehen und das w\u00e4re schade.<br \/>\nDie Cane an sich entsteht auf gar lustige Art und Weise:<br \/>\nWir reissen unsere Platten in St\u00fccke:<\/p>\n<p><img decoding=\"async\" src=\"..\/wp-content\/uploads\/2011\/imitationen\/holz2\/fimoanleitung-holzimitat_8.jpg\" alt=\"Holzimitat aus Fimo - Anleitung von Fimotic.com\" \/><\/p>\n<p>Ungleichm\u00e4ssig werden sie so aufeinandergelegt.<\/p>\n<p><img decoding=\"async\" src=\"..\/wp-content\/uploads\/2011\/imitationen\/holz2\/fimoanleitung-holzimitat_9.jpg\" alt=\"Holzimitat aus Fimo - Anleitung von Fimotic.com\" \/><\/p>\n<p>Der Haufen wird ein Haufen:<\/p>\n<p><img decoding=\"async\" src=\"..\/wp-content\/uploads\/2011\/imitationen\/holz2\/fimoanleitung-holzimitat_10.jpg\" alt=\"Holzimitat aus Fimo - Anleitung von Fimotic.com\" \/><\/p>\n<p>Nur Mut!<br \/>\nIch weiss, es f\u00fchlt sich ganz und gar komisch an.<\/p>\n<p><img decoding=\"async\" src=\"..\/wp-content\/uploads\/2011\/imitationen\/holz2\/fimoanleitung-holzimitat_11.jpg\" alt=\"Holzimitat aus Fimo - Anleitung von Fimotic.com\" \/><\/p>\n<p>Aber pl\u00f6tzlich macht es Spass und&#8230;<\/p>\n<p><img decoding=\"async\" src=\"..\/wp-content\/uploads\/2011\/imitationen\/holz2\/fimoanleitung-holzimitat_12.jpg\" alt=\"Holzimitat aus Fimo - Anleitung von Fimotic.com\" \/><\/p>\n<p>&#8230;Du wirst gar nicht mehr aufh\u00f6ren wollen Deine sch\u00f6nen Fimoplatten zu zerrupfen \ud83d\ude09<\/p>\n<p><img decoding=\"async\" src=\"..\/wp-content\/uploads\/2011\/imitationen\/holz2\/fimoanleitung-holzimitat_13.jpg\" alt=\"Holzimitat aus Fimo - Anleitung von Fimotic.com\" \/><\/p>\n<p>Nicht zu kleine Fetzchen, wie erw\u00e4hnt wird ein paar mal reduziert.<\/p>\n<p><img decoding=\"async\" src=\"..\/wp-content\/uploads\/2011\/imitationen\/holz2\/fimoanleitung-holzimitat_14.jpg\" alt=\"Holzimitat aus Fimo - Anleitung von Fimotic.com\" \/><\/p>\n<p>Bin noch lange nicht fertig, hihi -da sind einige Farbt\u00f6ne entstanden.<\/p>\n<p><img decoding=\"async\" src=\"..\/wp-content\/uploads\/2011\/imitationen\/holz2\/fimoanleitung-holzimitat_15.jpg\" alt=\"Holzimitat aus Fimo - Anleitung von Fimotic.com\" \/><\/p>\n<p>Wenn mich eine Platte etwas sehr viel gr\u00f6sser d\u00fcnkt als die andern, teile ich sie und kurble einen Teil davon nochmal ein kleines bisschen d\u00fcnner durch die Pastamaschine.<\/p>\n<p><img decoding=\"async\" src=\"..\/wp-content\/uploads\/2011\/imitationen\/holz2\/fimoanleitung-holzimitat_16.jpg\" alt=\"Holzimitat aus Fimo - Anleitung von Fimotic.com\" \/><\/p>\n<p>So habe ich noch eine Variante mehr auf meinem Haufen \ud83d\ude09<\/p>\n<p><img decoding=\"async\" src=\"..\/wp-content\/uploads\/2011\/imitationen\/holz2\/fimoanleitung-holzimitat_17.jpg\" alt=\"Holzimitat aus Fimo - Anleitung von Fimotic.com\" \/><\/p>\n<p>H\u00f6her! Dicker! Mehr!<\/p>\n<p><img decoding=\"async\" src=\"..\/wp-content\/uploads\/2011\/imitationen\/holz2\/fimoanleitung-holzimitat_18.jpg\" alt=\"Holzimitat aus Fimo - Anleitung von Fimotic.com\" \/><\/p>\n<p>Und *platsch* das war der letzte Fetzen.<br \/>\nSch\u00f6n war&#8217;s \ud83d\ude00<\/p>\n<p><img decoding=\"async\" src=\"..\/wp-content\/uploads\/2011\/imitationen\/holz2\/fimoanleitung-holzimitat_19.jpg\" alt=\"Holzimitat aus Fimo - Anleitung von Fimotic.com\" \/><\/p>\n<p>Mein Haufen ist recht dick, bevor ich den jetzt durch die Pastamaschine quetsche mache ich ihn erst mit einem Acrylstab etwas flacher.<br \/>\nUnd dann auf dickster Stufe durch die Pastamaschine kurbeln:<\/p>\n<p><img decoding=\"async\" src=\"..\/wp-content\/uploads\/2011\/imitationen\/holz2\/fimoanleitung-holzimitat_20.jpg\" alt=\"Holzimitat aus Fimo - Anleitung von Fimotic.com\" \/><\/p>\n<p>Meine Platte ist sooooo lang dass ich einen zus\u00e4tzlichen Zwischenschritt mache: Ich klappe sie einmal mittig zusammen so dass jetzt zwei Schichten aufeinanderliegen.<\/p>\n<p><img decoding=\"async\" src=\"..\/wp-content\/uploads\/2011\/imitationen\/holz2\/fimoanleitung-holzimitat_21.jpg\" alt=\"Holzimitat aus Fimo - Anleitung von Fimotic.com\" \/><\/p>\n<p>N\u00e4chster Schritt: den linken Rand einschlagen&#8230;<\/p>\n<p><img decoding=\"async\" src=\"..\/wp-content\/uploads\/2011\/imitationen\/holz2\/fimoanleitung-holzimitat_22.jpg\" alt=\"Holzimitat aus Fimo - Anleitung von Fimotic.com\" \/><\/p>\n<p>&#8230;den rechten Rand einschlagen.<br \/>\nJetzt ist die Platte nur noch einen Drittel so breit wie vorher.<br \/>\nIch drehe sie um und bin schon zum ersten Mal richtig happy &#8211; ich mag was ich sehe \ud83d\ude00<\/p>\n<p><img decoding=\"async\" src=\"..\/wp-content\/uploads\/2011\/imitationen\/holz2\/fimoanleitung-holzimitat_23.jpg\" alt=\"Holzimitat aus Fimo - Anleitung von Fimotic.com\" \/><\/p>\n<p>Mit einem Acrylstab o. \u00e4. ein wenig platt machen als Vorbereitung f\u00fcr die Pastamaschine.<\/p>\n<p><img decoding=\"async\" src=\"..\/wp-content\/uploads\/2011\/imitationen\/holz2\/fimoanleitung-holzimitat_24.jpg\" alt=\"Holzimitat aus Fimo - Anleitung von Fimotic.com\" \/><\/p>\n<p>Wieder auf dickster Stufe durchkurbeln.<\/p>\n<p><img decoding=\"async\" src=\"..\/wp-content\/uploads\/2011\/imitationen\/holz2\/fimoanleitung-holzimitat_25.jpg\" alt=\"Holzimitat aus Fimo - Anleitung von Fimotic.com\" \/><\/p>\n<p><a title=\"Fimotic.com Anleitung Holzimitat #2 Teil 2\" href=\"https:\/\/kreativ.fimotic.com\/?page_id=769\">Hier geht&#8217;s weiter zu Teil 2 <img decoding=\"async\" src=\"..\/wp-content\/uploads\/2011\/07\/icon_link.gif\" alt=\"https:\/\/kreativ.fimotic.com\/wp-content\/uploads\/2011\/07\/icon_link.gif\" \/><\/a><\/p>\n","protected":false},"excerpt":{"rendered":"<p>Am Anfang war die Farbe \ud83d\ude09 Heisst wir brauchen verschiedene Braunt\u00f6ne. Jeh nach Farbwahl und Zusammenstellung imitiert sich eine Holzart ganz von allein, Gold gemischt mit Dunkelbraun wird &#8222;walnussbaumlastig&#8220;, helle Farbt\u00f6ne erinnern dann eher an IKEA in den Achzigern &#8211; &hellip; <a href=\"https:\/\/kreativ.fimotic.com\/?page_id=765\">Weiterlesen <span class=\"meta-nav\">&rarr;<\/span><\/a><\/p>\n","protected":false},"author":2,"featured_media":0,"parent":763,"menu_order":1,"comment_status":"open","ping_status":"closed","template":"","meta":{"footnotes":""},"class_list":["post-765","page","type-page","status-publish","hentry"],"_links":{"self":[{"href":"https:\/\/kreativ.fimotic.com\/index.php?rest_route=\/wp\/v2\/pages\/765","targetHints":{"allow":["GET"]}}],"collection":[{"href":"https:\/\/kreativ.fimotic.com\/index.php?rest_route=\/wp\/v2\/pages"}],"about":[{"href":"https:\/\/kreativ.fimotic.com\/index.php?rest_route=\/wp\/v2\/types\/page"}],"author":[{"embeddable":true,"href":"https:\/\/kreativ.fimotic.com\/index.php?rest_route=\/wp\/v2\/users\/2"}],"replies":[{"embeddable":true,"href":"https:\/\/kreativ.fimotic.com\/index.php?rest_route=%2Fwp%2Fv2%2Fcomments&post=765"}],"version-history":[{"count":9,"href":"https:\/\/kreativ.fimotic.com\/index.php?rest_route=\/wp\/v2\/pages\/765\/revisions"}],"predecessor-version":[{"id":792,"href":"https:\/\/kreativ.fimotic.com\/index.php?rest_route=\/wp\/v2\/pages\/765\/revisions\/792"}],"up":[{"embeddable":true,"href":"https:\/\/kreativ.fimotic.com\/index.php?rest_route=\/wp\/v2\/pages\/763"}],"wp:attachment":[{"href":"https:\/\/kreativ.fimotic.com\/index.php?rest_route=%2Fwp%2Fv2%2Fmedia&parent=765"}],"curies":[{"name":"wp","href":"https:\/\/api.w.org\/{rel}","templated":true}]}}