{"id":5383,"date":"2016-01-11T17:48:48","date_gmt":"2016-01-11T17:48:48","guid":{"rendered":"http:\/\/kreativ.fimotic.com\/?page_id=5383"},"modified":"2016-01-11T17:48:48","modified_gmt":"2016-01-11T17:48:48","slug":"und-erlenzapfen","status":"publish","type":"page","link":"https:\/\/kreativ.fimotic.com\/?page_id=5383","title":{"rendered":"&#8230;und Erlenzapfen"},"content":{"rendered":"<p>Ehm ja. Das ist so ein Thema.<br \/>\nEigentlich ist&#8217;s ja gelungen.<br \/>\nEigentlich.<\/p>\n<p><ins class=\"adsbygoogle\" style=\"display: inline-block; width: 468px; height: 60px;\" data-ad-client=\"ca-pub-2458973701178268\" data-ad-slot=\"2140623015\"><\/ins><br \/>\n<script>\/\/ < ![CDATA[\n(adsbygoogle = window.adsbygoogle || []).push({});\n\/\/ ]]><\/script><\/p>\n<p>So. Abgeformt und mit viel M\u00fche und noch mehr Sturheit aus der (ganz und gar durchgetrockneten!) Abformmasse rausgerupft.<br \/>\nJa ich weiss, sieht total gut aus!<\/p>\n<p><img decoding=\"async\" src=\"https:\/\/kreativ.fimotic.com\/wp-content\/uploads\/2016\/tools_werzeuge\/abformen-mit-bauacryl_erlenzapfen\/erlenzapfen_1.jpg\" alt=\"es gibt Dinge die landen im Abfall auch wenn sie an sich gut sind\" \/><\/p>\n<p>Probieren wir&#8217;s aus!<br \/>\nFimo reinstopfen&#8230;<\/p>\n<p><img decoding=\"async\" src=\"https:\/\/kreativ.fimotic.com\/wp-content\/uploads\/2016\/tools_werzeuge\/abformen-mit-bauacryl_erlenzapfen\/erlenzapfen_2.jpg\" alt=\"es gibt Dinge die landen im Abfall auch wenn sie an sich gut sind\" \/><\/p>\n<p>&#8230;okay, das war zu wenig. Da es nicht flexibel ist, das F\u00f6rmchen, kann ich es nicht auseinanderbiegen um das Fimo rauszunehmen.<br \/>\nAlso rauskramsen *fauch*<\/p>\n<p><img decoding=\"async\" src=\"https:\/\/kreativ.fimotic.com\/wp-content\/uploads\/2016\/tools_werzeuge\/abformen-mit-bauacryl_erlenzapfen\/erlenzapfen_3.jpg\" alt=\"es gibt Dinge die landen im Abfall auch wenn sie an sich gut sind\" \/><\/p>\n<p>Grrrrrrr!<br \/>\nZum Gl\u00fcck klebt es nicht wirklich, es haftet nur enorm gut in den kleinen Vertiefungen.<\/p>\n<p><img decoding=\"async\" src=\"https:\/\/kreativ.fimotic.com\/wp-content\/uploads\/2016\/tools_werzeuge\/abformen-mit-bauacryl_erlenzapfen\/erlenzapfen_4.jpg\" alt=\"es gibt Dinge die landen im Abfall auch wenn sie an sich gut sind\" \/><\/p>\n<p>Mit mehr Fimo geht&#8217;s \ud83d\ude00<br \/>\nReinstopfen&#8230;<\/p>\n<p><img decoding=\"async\" src=\"https:\/\/kreativ.fimotic.com\/wp-content\/uploads\/2016\/tools_werzeuge\/abformen-mit-bauacryl_erlenzapfen\/erlenzapfen_5.jpg\" alt=\"es gibt Dinge die landen im Abfall auch wenn sie an sich gut sind\" \/><\/p>\n<p>&#8230;und aus dem \u00fcberstehenden Fimo einen kleinen Griff formen:<\/p>\n<p><img decoding=\"async\" src=\"https:\/\/kreativ.fimotic.com\/wp-content\/uploads\/2016\/tools_werzeuge\/abformen-mit-bauacryl_erlenzapfen\/erlenzapfen_6.jpg\" alt=\"es gibt Dinge die landen im Abfall auch wenn sie an sich gut sind\" \/><\/p>\n<p>So kann man es einfach rausziehen, es klebt n\u00e4mlich wirklich nicht \ud83d\ude42<\/p>\n<p><img decoding=\"async\" src=\"https:\/\/kreativ.fimotic.com\/wp-content\/uploads\/2016\/tools_werzeuge\/abformen-mit-bauacryl_erlenzapfen\/erlenzapfen_7.jpg\" alt=\"es gibt Dinge die landen im Abfall auch wenn sie an sich gut sind\" \/><\/p>\n<p>Den Erlenzapfen mit der Klinge abtrennen.<\/p>\n<p><img decoding=\"async\" src=\"https:\/\/kreativ.fimotic.com\/wp-content\/uploads\/2016\/tools_werzeuge\/abformen-mit-bauacryl_erlenzapfen\/erlenzapfen_8.jpg\" alt=\"es gibt Dinge die landen im Abfall auch wenn sie an sich gut sind\" \/><\/p>\n<p>Genau, einfach abschneiden:<\/p>\n<p><img decoding=\"async\" src=\"https:\/\/kreativ.fimotic.com\/wp-content\/uploads\/2016\/tools_werzeuge\/abformen-mit-bauacryl_erlenzapfen\/erlenzapfen_9.jpg\" alt=\"es gibt Dinge die landen im Abfall auch wenn sie an sich gut sind\" \/><\/p>\n<p>Klappt auch mehr als einmal, musste es ausprobieren wegem festkleben.<br \/>\nJa man k\u00f6nnte irgend ein Trennmittel benutzen, Pigmentp\u00fclverchen, Mehr, Maisst\u00e4rke, was auch immer. Mich interessiert es halt, wie es ohne all das klappt.<\/p>\n<p><img decoding=\"async\" src=\"https:\/\/kreativ.fimotic.com\/wp-content\/uploads\/2016\/tools_werzeuge\/abformen-mit-bauacryl_erlenzapfen\/erlenzapfen_10.jpg\" alt=\"es gibt Dinge die landen im Abfall auch wenn sie an sich gut sind\" \/><\/p>\n<p>Nach Vorschrift backen.<\/p>\n<p><img decoding=\"async\" src=\"https:\/\/kreativ.fimotic.com\/wp-content\/uploads\/2016\/tools_werzeuge\/abformen-mit-bauacryl_erlenzapfen\/erlenzapfen_11.jpg\" alt=\"es gibt Dinge die landen im Abfall auch wenn sie an sich gut sind\" \/><\/p>\n<p>Sch\u00f6n! Wirklich wirklich sch\u00f6n! Perfekt zum karteln weil sie hinten flach sind.<\/p>\n<p><img decoding=\"async\" src=\"https:\/\/kreativ.fimotic.com\/wp-content\/uploads\/2016\/tools_werzeuge\/abformen-mit-bauacryl_erlenzapfen\/erlenzapfen_12.jpg\" alt=\"es gibt Dinge die landen im Abfall auch wenn sie an sich gut sind\" \/><\/p>\n<p>A propos perfekt: mein Helferlein hilft mir, einen Kratzbaum zu entsorgen *nag* keine ANgst, sie kaut kein Sisal, sie rupft nur den Stoff vom Holz weg, das kleine Kaninchen.<\/p>\n<p><img decoding=\"async\" src=\"https:\/\/kreativ.fimotic.com\/wp-content\/uploads\/2016\/tools_werzeuge\/abformen-mit-bauacryl_erlenzapfen\/dshelferlein.jpg\" alt=\"meine s\u00fcsse Hundewurst\" \/><\/p>\n<p>So toll die Zapfen geworden sind: ich hab&#8216; die Motivform in die runde Ablage geschmissen. Das ist mir viel zu viel Friemelei! Erlenzapfenmotivformen mache ich lieber mal aus Zweikomponentensillikon oder so, etwas das flexibel bleibt.<br \/>\nManchmal geht&#8217;s halt nicht, das ist okay.<br \/>\nEs hat Spass gemacht, es herzustellen, von daher ist nichts verloren.<br \/>\nUnd wir haben was gelernt \ud83d\ude00<br \/>\nLiebe Gr\u00fcsse,<br \/>\nEure Tumana<\/p>\n<p><script src=\"\/\/pagead2.googlesyndication.com\/pagead\/js\/adsbygoogle.js\" async=\"\"><\/script><br \/>\n <!-- Seite Rot Text --><br \/>\n <ins class=\"adsbygoogle\" style=\"display: inline-block; width: 336px; height: 280px;\" data-ad-client=\"ca-pub-2458973701178268\" data-ad-slot=\"5874934017\"><\/ins><br \/>\n<script>\/\/ < ![CDATA[\n(adsbygoogle = window.adsbygoogle || []).push({});\n\/\/ ]]><\/script><\/p>\n","protected":false},"excerpt":{"rendered":"<p>Ehm ja. Das ist so ein Thema. Eigentlich ist&#8217;s ja gelungen. Eigentlich. So. Abgeformt und mit viel M\u00fche und noch mehr Sturheit aus der (ganz und gar durchgetrockneten!) Abformmasse rausgerupft. Ja ich weiss, sieht total gut aus! Probieren wir&#8217;s aus! &hellip; <a href=\"https:\/\/kreativ.fimotic.com\/?page_id=5383\">Weiterlesen <span class=\"meta-nav\">&rarr;<\/span><\/a><\/p>\n","protected":false},"author":2,"featured_media":0,"parent":5381,"menu_order":0,"comment_status":"closed","ping_status":"closed","template":"","meta":{"footnotes":""},"class_list":["post-5383","page","type-page","status-publish","hentry"],"_links":{"self":[{"href":"https:\/\/kreativ.fimotic.com\/index.php?rest_route=\/wp\/v2\/pages\/5383","targetHints":{"allow":["GET"]}}],"collection":[{"href":"https:\/\/kreativ.fimotic.com\/index.php?rest_route=\/wp\/v2\/pages"}],"about":[{"href":"https:\/\/kreativ.fimotic.com\/index.php?rest_route=\/wp\/v2\/types\/page"}],"author":[{"embeddable":true,"href":"https:\/\/kreativ.fimotic.com\/index.php?rest_route=\/wp\/v2\/users\/2"}],"replies":[{"embeddable":true,"href":"https:\/\/kreativ.fimotic.com\/index.php?rest_route=%2Fwp%2Fv2%2Fcomments&post=5383"}],"version-history":[{"count":2,"href":"https:\/\/kreativ.fimotic.com\/index.php?rest_route=\/wp\/v2\/pages\/5383\/revisions"}],"predecessor-version":[{"id":5431,"href":"https:\/\/kreativ.fimotic.com\/index.php?rest_route=\/wp\/v2\/pages\/5383\/revisions\/5431"}],"up":[{"embeddable":true,"href":"https:\/\/kreativ.fimotic.com\/index.php?rest_route=\/wp\/v2\/pages\/5381"}],"wp:attachment":[{"href":"https:\/\/kreativ.fimotic.com\/index.php?rest_route=%2Fwp%2Fv2%2Fmedia&parent=5383"}],"curies":[{"name":"wp","href":"https:\/\/api.w.org\/{rel}","templated":true}]}}