{"id":413,"date":"2011-09-02T07:51:03","date_gmt":"2011-09-02T07:51:03","guid":{"rendered":"http:\/\/kreativ.fimotic.com\/?page_id=413"},"modified":"2011-09-02T08:10:49","modified_gmt":"2011-09-02T08:10:49","slug":"fimo-salz","status":"publish","type":"page","link":"https:\/\/kreativ.fimotic.com\/?page_id=413","title":{"rendered":"Fimo + Salz"},"content":{"rendered":"<p>Mit Salz l\u00e4sst sich vieles machen, auch in Verbindung mit Fimo \ud83d\ude00<br \/>\nAllerdings ist dies eine Modifizierung und kann nat\u00fcrlich die Qualit\u00e4t vom Fimo in Mitleidenschaft ziehen. Dessen sollten wir uns einfach bewusst sein.<\/p>\n<p>Salz in einen Teller oder einen Becher geben.<br \/>\nGen\u00fcgend Salz bitte, nicht sparen!<br \/>\nWir schmeissen es nicht weg, wir benutzen es immer und immer wieder.<\/p>\n<p><img decoding=\"async\" src=\"..\/wp-content\/uploads\/2011\/arbeitstechnik\/salzen\/perlensalzen_1.jpg\" alt=\"Fimotic Fimoanleitung Salzperlen herstellen - Lavafake und mehr\" \/><\/p>\n<p>Die Fimokugelchen in das Salz legen.<\/p>\n<p><img decoding=\"async\" src=\"..\/wp-content\/uploads\/2011\/arbeitstechnik\/salzen\/perlensalzen_2.jpg\" alt=\"Fimotic Fimoanleitung Salzperlen herstellen - Lavafake und mehr\" \/><\/p>\n<p>In einem Teller werden die Perlen mit der Hand bewegt, in einem Becher einfach solange kreisen lassen&#8230;<\/p>\n<p><img decoding=\"async\" src=\"..\/wp-content\/uploads\/2011\/arbeitstechnik\/salzen\/perlensalzen_3.jpg\" alt=\"Fimotic Fimoanleitung Salzperlen herstellen - Lavafake und mehr\" \/><\/p>\n<p>&#8230;bis die Perlen ganz und gar mit Salz um\u00fcllt sind.<\/p>\n<p><img decoding=\"async\" src=\"..\/wp-content\/uploads\/2011\/arbeitstechnik\/salzen\/perlensalzen_4.jpg\" alt=\"Fimotic Fimoanleitung Salzperlen herstellen - Lavafake und mehr\" \/><\/p>\n<p>Funktioniert mit jedem backofenh\u00e4rtenden Fimo und jeder Fimo-Farbe hervorragend.<\/p>\n<p><img decoding=\"async\" src=\"..\/wp-content\/uploads\/2011\/arbeitstechnik\/salzen\/perlensalzen_5.jpg\" alt=\"Fimotic Fimoanleitung Salzperlen herstellen - Lavafake und mehr\" \/><\/p>\n<p>Jede einzelne Perle mit der Salzkruste nochmal in den H\u00e4nden rollen.<br \/>\nL\u00f6chlein pieksen und nach Vorschrift backen.<br \/>\nGesalzene Perlen sollten nicht zu lange ungebacken rumliegen, hier macht es Sinn wirklich so rasch wie m\u00f6glich die Fimost\u00fccke in den warmen Backofen zu schieben.<\/p>\n<p><img decoding=\"async\" src=\"..\/wp-content\/uploads\/2011\/arbeitstechnik\/salzen\/perlensalzen_6.jpg\" alt=\"Fimotic Fimoanleitung Salzperlen herstellen - Lavafake und mehr\" \/><\/p>\n<p>&#8230;und wie werden wir das Salz jetzt wieder los?<br \/>\n<a title=\"Entsalzen\" href=\"https:\/\/kreativ.fimotic.com\/?page_id=418\"><img decoding=\"async\" src=\"..\/wp-content\/uploads\/2011\/07\/icon_link.gif\" alt=\"https:\/\/kreativ.fimotic.com\/wp-content\/uploads\/2011\/07\/icon_link.gif\" \/> zur Anleitung <em>Entsalzen<\/em><\/a><\/p>\n<p>Meine Schlafkatze \ud83d\ude00<br \/>\nSie schl\u00e4ft oberhalb von meinem Kopf, wir kuscheln uns dann aneinander im Schlaf und sie besch\u00fctzt die guten Tr\u00e4ume.<br \/>\nSo eine Kopfkatze ist was ganz ganz feines!<\/p>\n<p><img decoding=\"async\" src=\"..\/wp-content\/uploads\/2011\/arbeitstechnik\/salzen\/russischblau.jpg\" alt=\"https:\/\/kreativ.fimotic.com\/wp-content\/uploads\/2011\/arbeitstechnik\/salzen\/russischblau.jpg\" \/><\/p>\n","protected":false},"excerpt":{"rendered":"<p>Mit Salz l\u00e4sst sich vieles machen, auch in Verbindung mit Fimo \ud83d\ude00 Allerdings ist dies eine Modifizierung und kann nat\u00fcrlich die Qualit\u00e4t vom Fimo in Mitleidenschaft ziehen. Dessen sollten wir uns einfach bewusst sein. Salz in einen Teller oder einen &hellip; <a href=\"https:\/\/kreativ.fimotic.com\/?page_id=413\">Weiterlesen <span class=\"meta-nav\">&rarr;<\/span><\/a><\/p>\n","protected":false},"author":2,"featured_media":0,"parent":71,"menu_order":3,"comment_status":"open","ping_status":"closed","template":"","meta":{"footnotes":""},"class_list":["post-413","page","type-page","status-publish","hentry"],"_links":{"self":[{"href":"https:\/\/kreativ.fimotic.com\/index.php?rest_route=\/wp\/v2\/pages\/413","targetHints":{"allow":["GET"]}}],"collection":[{"href":"https:\/\/kreativ.fimotic.com\/index.php?rest_route=\/wp\/v2\/pages"}],"about":[{"href":"https:\/\/kreativ.fimotic.com\/index.php?rest_route=\/wp\/v2\/types\/page"}],"author":[{"embeddable":true,"href":"https:\/\/kreativ.fimotic.com\/index.php?rest_route=\/wp\/v2\/users\/2"}],"replies":[{"embeddable":true,"href":"https:\/\/kreativ.fimotic.com\/index.php?rest_route=%2Fwp%2Fv2%2Fcomments&post=413"}],"version-history":[{"count":7,"href":"https:\/\/kreativ.fimotic.com\/index.php?rest_route=\/wp\/v2\/pages\/413\/revisions"}],"predecessor-version":[{"id":425,"href":"https:\/\/kreativ.fimotic.com\/index.php?rest_route=\/wp\/v2\/pages\/413\/revisions\/425"}],"up":[{"embeddable":true,"href":"https:\/\/kreativ.fimotic.com\/index.php?rest_route=\/wp\/v2\/pages\/71"}],"wp:attachment":[{"href":"https:\/\/kreativ.fimotic.com\/index.php?rest_route=%2Fwp%2Fv2%2Fmedia&parent=413"}],"curies":[{"name":"wp","href":"https:\/\/api.w.org\/{rel}","templated":true}]}}