{"id":3114,"date":"2012-10-05T08:30:04","date_gmt":"2012-10-05T08:30:04","guid":{"rendered":"http:\/\/kreativ.fimotic.com\/?page_id=3114"},"modified":"2012-10-05T08:30:04","modified_gmt":"2012-10-05T08:30:04","slug":"canes-ein-kleiner-uberblick","status":"publish","type":"page","link":"https:\/\/kreativ.fimotic.com\/?page_id=3114","title":{"rendered":"Canes &#8211; ein kleiner \u00dcberblick"},"content":{"rendered":"<p>Ein kleiner, nicht vollst\u00e4ndiger \u00dcberblick \u00fcber unsere Canes hier bei Fimotic.com<br \/>\nRechts &#8212;&#8211;&gt;<br \/>\nin der Navigation findest Du s\u00e4mtliche Anleitungen in den verschiedenen Rubriken aufgelistet.<br \/>\nViel Spass beim schauen und mitmachen \ud83d\ude00<br \/>\nEure Tumana<\/p>\n<p><a title=\"Fimotic.com Fimocaneanleitung Schritt f\u00fcr Schritt\" href=\"https:\/\/kreativ.fimotic.com\/?page_id=2312\" target=\"_blank\"><img decoding=\"async\" src=\"https:\/\/kreativ.fimotic.com\/wp-content\/uploads\/2012\/canes\/canes_vorschaubilder1\/fimotic_fimocanes_1.jpg\" alt=\"Fimotic.com Fimocane\" \/><\/a> <a title=\"Fimotic.com Fimocaneanleitung Schritt f\u00fcr Schritt\" href=\"https:\/\/kreativ.fimotic.com\/?page_id=1101\" target=\"_blank\"><img decoding=\"async\" src=\"https:\/\/kreativ.fimotic.com\/wp-content\/uploads\/2012\/canes\/canes_vorschaubilder1\/fimotic_fimocanes_2.jpg\" alt=\"Fimotic.com Fimocane\" \/><\/a> <a title=\"Fimotic.com Fimocaneanleitung Schritt f\u00fcr Schritt\" href=\"https:\/\/kreativ.fimotic.com\/?page_id=2336\" target=\"_blank\"><img decoding=\"async\" src=\"https:\/\/kreativ.fimotic.com\/wp-content\/uploads\/2012\/canes\/canes_vorschaubilder1\/fimotic_fimocanes_3.jpg\" alt=\"Fimotic.com Fimocane\" \/><\/a> <a title=\"Fimotic.com Fimocaneanleitung Schritt f\u00fcr Schritt\" href=\"https:\/\/kreativ.fimotic.com\/?page_id=2128\" target=\"_blank\"><img decoding=\"async\" src=\"https:\/\/kreativ.fimotic.com\/wp-content\/uploads\/2012\/canes\/canes_vorschaubilder1\/fimotic_fimocanes_4.jpg\" alt=\"Fimotic.com Fimocane\" \/><\/a> <a title=\"Fimotic.com Fimocaneanleitung Schritt f\u00fcr Schritt\" href=\"https:\/\/kreativ.fimotic.com\/?page_id=2128\" target=\"_blank\"><img decoding=\"async\" src=\"https:\/\/kreativ.fimotic.com\/wp-content\/uploads\/2012\/canes\/canes_vorschaubilder1\/fimotic_fimocanes_5.jpg\" alt=\"Fimotic.com Fimocane\" \/><\/a><br \/>\n<a title=\"Fimotic.com Fimocaneanleitung Schritt f\u00fcr Schritt\" href=\"https:\/\/kreativ.fimotic.com\/?page_id=1117\" target=\"_blank\"><img decoding=\"async\" src=\"https:\/\/kreativ.fimotic.com\/wp-content\/uploads\/2012\/canes\/canes_vorschaubilder1\/fimotic_fimocanes_6.jpg\" alt=\"Fimotic.com Fimocane\" \/><\/a> <a title=\"Fimotic.com Fimocaneanleitung Schritt f\u00fcr Schritt\" href=\"https:\/\/kreativ.fimotic.com\/?page_id=1093\" target=\"_blank\"><img decoding=\"async\" src=\"https:\/\/kreativ.fimotic.com\/wp-content\/uploads\/2012\/canes\/canes_vorschaubilder1\/fimotic_fimocanes_7.jpg\" alt=\"Fimotic.com Fimocane\" \/><\/a> <a title=\"Fimotic.com Fimocaneanleitung Schritt f\u00fcr Schritt\" href=\"https:\/\/kreativ.fimotic.com\/?page_id=1095\" target=\"_blank\"><img decoding=\"async\" src=\"https:\/\/kreativ.fimotic.com\/wp-content\/uploads\/2012\/canes\/canes_vorschaubilder1\/fimotic_fimocanes_8.jpg\" alt=\"Fimotic.com Fimocane\" \/><\/a> <a title=\"Fimotic.com Fimocaneanleitung Schritt f\u00fcr Schritt\" href=\"https:\/\/kreativ.fimotic.com\/?page_id=1095\" target=\"_blank\"><img decoding=\"async\" src=\"https:\/\/kreativ.fimotic.com\/wp-content\/uploads\/2012\/canes\/canes_vorschaubilder1\/fimotic_fimocanes_9.jpg\" alt=\"Fimotic.com Fimocane\" \/><\/a> <a title=\"Fimotic.com Fimocaneanleitung Schritt f\u00fcr Schritt\" href=\"https:\/\/kreativ.fimotic.com\/?page_id=1095\" target=\"_blank\"><img decoding=\"async\" src=\"https:\/\/kreativ.fimotic.com\/wp-content\/uploads\/2012\/canes\/canes_vorschaubilder1\/fimotic_fimocanes_10.jpg\" alt=\"Fimotic.com Fimocane\" \/><\/a><\/p>\n<p><a title=\"Fimotic.com Fimocaneanleitung Schritt f\u00fcr Schritt\" href=\"https:\/\/kreativ.fimotic.com\/?page_id=1097\" target=\"_blank\"><img decoding=\"async\" src=\"https:\/\/kreativ.fimotic.com\/wp-content\/uploads\/2012\/canes\/canes_vorschaubilder1\/fimotic_fimocanes_11.jpg\" alt=\"Fimotic.com Fimocane\" \/><\/a> <a title=\"Fimotic.com Fimocaneanleitung Schritt f\u00fcr Schritt\" href=\"https:\/\/kreativ.fimotic.com\/?page_id=1097\" target=\"_blank\"><img decoding=\"async\" src=\"https:\/\/kreativ.fimotic.com\/wp-content\/uploads\/2012\/canes\/canes_vorschaubilder1\/fimotic_fimocanes_12.jpg\" alt=\"Fimotic.com Fimocane\" \/><\/a> <a title=\"Fimotic.com Fimocaneanleitung Schritt f\u00fcr Schritt\" href=\"https:\/\/kreativ.fimotic.com\/?page_id=1105\" target=\"_blank\"><img decoding=\"async\" src=\"https:\/\/kreativ.fimotic.com\/wp-content\/uploads\/2012\/canes\/canes_vorschaubilder1\/fimotic_fimocanes_13.jpg\" alt=\"Fimotic.com Fimocane\" \/><\/a> <a title=\"Fimotic.com Fimocaneanleitung Schritt f\u00fcr Schritt\" href=\"https:\/\/kreativ.fimotic.com\/?page_id=1103\" target=\"_blank\"><img decoding=\"async\" src=\"https:\/\/kreativ.fimotic.com\/wp-content\/uploads\/2012\/canes\/canes_vorschaubilder1\/fimotic_fimocanes_14.jpg\" alt=\"Fimotic.com Fimocane\" \/><\/a> <a title=\"Fimotic.com Fimocaneanleitung Schritt f\u00fcr Schritt\" href=\"https:\/\/kreativ.fimotic.com\/?page_id=1099\" target=\"_blank\"><img decoding=\"async\" src=\"https:\/\/kreativ.fimotic.com\/wp-content\/uploads\/2012\/canes\/canes_vorschaubilder1\/fimotic_fimocanes_15.jpg\" alt=\"Fimotic.com Fimocane\" \/><\/a><\/p>\n<p><a title=\"Fimotic.com Fimocaneanleitung Schritt f\u00fcr Schritt\" href=\"https:\/\/kreativ.fimotic.com\/?page_id=2322\" target=\"_blank\"><img decoding=\"async\" src=\"https:\/\/kreativ.fimotic.com\/wp-content\/uploads\/2012\/canes\/canes_vorschaubilder1\/fimotic_fimocanes_16.jpg\" alt=\"Fimotic.com Fimocane\" \/><\/a> <img decoding=\"async\" src=\"https:\/\/kreativ.fimotic.com\/wp-content\/uploads\/2012\/canes\/canes_vorschaubilder1\/fimotic_fimocanes_17.jpg\" alt=\"Fimotic.com Fimocane\" \/> <a title=\"Fimotic.com Fimocaneanleitung Schritt f\u00fcr Schritt\" href=\"https:\/\/kreativ.fimotic.com\/?page_id=1922\" target=\"_blank\"><img decoding=\"async\" src=\"https:\/\/kreativ.fimotic.com\/wp-content\/uploads\/2012\/canes\/canes_vorschaubilder1\/fimotic_fimocanes_18.jpg\" alt=\"Fimotic.com Fimocane\" \/><\/a> <a title=\"Fimotic.com Fimocaneanleitung Schritt f\u00fcr Schritt\" href=\"https:\/\/kreativ.fimotic.com\/?page_id=3020\" target=\"_blank\"><img decoding=\"async\" src=\"https:\/\/kreativ.fimotic.com\/wp-content\/uploads\/2012\/canes\/canes_vorschaubilder1\/fimotic_fimocanes_19.jpg\" alt=\"Fimotic.com Fimocane\" \/><\/a> <a title=\"Fimotic.com Fimocaneanleitung Schritt f\u00fcr Schritt\" href=\"https:\/\/kreativ.fimotic.com\/?page_id=2082\" target=\"_blank\"><img decoding=\"async\" src=\"https:\/\/kreativ.fimotic.com\/wp-content\/uploads\/2012\/canes\/canes_vorschaubilder1\/fimotic_fimocanes_20.jpg\" alt=\"Fimotic.com Fimocane\" \/><\/a><\/p>\n<p><a title=\"Fimotic.com Fimocaneanleitung Schritt f\u00fcr Schritt\" href=\"https:\/\/kreativ.fimotic.com\/?page_id=1089\" target=\"_blank\"><img decoding=\"async\" src=\"https:\/\/kreativ.fimotic.com\/wp-content\/uploads\/2012\/canes\/canes_vorschaubilder1\/fimotic_fimocanes_21.jpg\" alt=\"Fimotic.com Fimocane\" \/><\/a> <a title=\"Fimotic.com Fimocaneanleitung Schritt f\u00fcr Schritt\" href=\"https:\/\/kreativ.fimotic.com\/?page_id=2307\" target=\"_blank\"><img decoding=\"async\" src=\"https:\/\/kreativ.fimotic.com\/wp-content\/uploads\/2012\/canes\/canes_vorschaubilder1\/fimotic_fimocanes_22.jpg\" alt=\"Fimotic.com Fimocane\" \/><\/a> <a title=\"Fimotic.com Fimocaneanleitung Schritt f\u00fcr Schritt\" href=\"https:\/\/kreativ.fimotic.com\/?page_id=1087\" target=\"_blank\"><img decoding=\"async\" src=\"https:\/\/kreativ.fimotic.com\/wp-content\/uploads\/2012\/canes\/canes_vorschaubilder1\/fimotic_fimocanes_23.jpg\" alt=\"Fimotic.com Fimocane\" \/><\/a> <a title=\"Fimotic.com Fimocaneanleitung Schritt f\u00fcr Schritt\" href=\"https:\/\/kreativ.fimotic.com\/?page_id=2425\" target=\"_blank\"><img decoding=\"async\" src=\"https:\/\/kreativ.fimotic.com\/wp-content\/uploads\/2012\/canes\/canes_vorschaubilder1\/fimotic_fimocanes_24.jpg\" alt=\"Fimotic.com Fimocane\" \/><\/a> <a title=\"Fimotic.com Fimocaneanleitung Schritt f\u00fcr Schritt\" href=\"https:\/\/kreativ.fimotic.com\/?page_id=1091\" target=\"_blank\"><img decoding=\"async\" src=\"https:\/\/kreativ.fimotic.com\/wp-content\/uploads\/2012\/canes\/canes_vorschaubilder1\/fimotic_fimocanes_25.jpg\" alt=\"Fimotic.com Fimocane\" \/><\/a><\/p>\n<p><a title=\"Fimotic.com Fimocaneanleitung Schritt f\u00fcr Schritt\" href=\"https:\/\/kreativ.fimotic.com\/?page_id=1111\" target=\"_blank\"><img decoding=\"async\" src=\"https:\/\/kreativ.fimotic.com\/wp-content\/uploads\/2012\/canes\/canes_vorschaubilder1\/fimotic_fimocanes_26.jpg\" alt=\"Fimotic.com Fimocane\" \/><\/a> <a title=\"Fimotic.com Fimocaneanleitung Schritt f\u00fcr Schritt\" href=\"https:\/\/kreativ.fimotic.com\/?page_id=1111\" target=\"_blank\"><img decoding=\"async\" src=\"https:\/\/kreativ.fimotic.com\/wp-content\/uploads\/2012\/canes\/canes_vorschaubilder1\/fimotic_fimocanes_27.jpg\" alt=\"Fimotic.com Fimocane\" \/><\/a> <a title=\"Fimotic.com Fimocaneanleitung Schritt f\u00fcr Schritt\" href=\"https:\/\/kreativ.fimotic.com\/?page_id=1496\" target=\"_blank\"><img decoding=\"async\" src=\"https:\/\/kreativ.fimotic.com\/wp-content\/uploads\/2012\/canes\/canes_vorschaubilder1\/fimotic_fimocanes_28.jpg\" alt=\"Fimotic.com Fimocane\" \/><\/a> <a title=\"Fimotic.com Fimocaneanleitung Schritt f\u00fcr Schritt\" href=\"https:\/\/kreativ.fimotic.com\/?page_id=1473\" target=\"_blank\"><img decoding=\"async\" src=\"https:\/\/kreativ.fimotic.com\/wp-content\/uploads\/2012\/canes\/canes_vorschaubilder1\/fimotic_fimocanes_29.jpg\" alt=\"Fimotic.com Fimocane\" \/><\/a><\/p>\n<p><a title=\"Fimotic.com Fimocaneanleitung Schritt f\u00fcr Schritt\" href=\"https:\/\/kreativ.fimotic.com\/?page_id=1562\" target=\"_blank\"><img decoding=\"async\" src=\"https:\/\/kreativ.fimotic.com\/wp-content\/uploads\/2012\/canes\/canes_vorschaubilder1\/fimotic_fimocanes_30.jpg\" alt=\"Fimotic.com Fimocane\" \/><\/a> <a title=\"Fimotic.com Fimocaneanleitung Schritt f\u00fcr Schritt\" href=\"https:\/\/kreativ.fimotic.com\/?page_id=2328\" target=\"_blank\"><img decoding=\"async\" src=\"https:\/\/kreativ.fimotic.com\/wp-content\/uploads\/2012\/canes\/canes_vorschaubilder1\/fimotic_fimocanes_31.jpg\" alt=\"Fimotic.com Fimocane\" \/><\/a> <a title=\"Fimotic.com Fimocaneanleitung Schritt f\u00fcr Schritt\" href=\"https:\/\/kreativ.fimotic.com\/?page_id=1679\" target=\"_blank\"><img decoding=\"async\" src=\"https:\/\/kreativ.fimotic.com\/wp-content\/uploads\/2012\/canes\/canes_vorschaubilder1\/fimotic_fimocanes_32.jpg\" alt=\"Fimotic.com Fimocane\" \/><\/a> <a title=\"Fimotic.com Fimocaneanleitung Schritt f\u00fcr Schritt\" href=\"https:\/\/kreativ.fimotic.com\/?page_id=1113\" target=\"_blank\"><img decoding=\"async\" src=\"https:\/\/kreativ.fimotic.com\/wp-content\/uploads\/2012\/canes\/canes_vorschaubilder1\/fimotic_fimocanes_33.jpg\" alt=\"Fimotic.com Fimocane\" \/><\/a> <a title=\"Fimotic.com Fimocaneanleitung Schritt f\u00fcr Schritt\" href=\"https:\/\/kreativ.fimotic.com\/?page_id=1081\" target=\"_blank\"><img decoding=\"async\" src=\"https:\/\/kreativ.fimotic.com\/wp-content\/uploads\/2012\/canes\/canes_vorschaubilder1\/fimotic_fimocanes_34.jpg\" alt=\"Fimotic.com Fimocane\" \/><\/a><\/p>\n<p><img decoding=\"async\" src=\"https:\/\/kreativ.fimotic.com\/wp-content\/uploads\/2012\/canes\/canes_vorschaubilder1\/fimotic_fimocanes_35.jpg\" alt=\"Fimotic.com Fimocane\" \/> <a title=\"Fimotic.com Fimocaneanleitung Schritt f\u00fcr Schritt\" href=\"https:\/\/kreativ.fimotic.com\/?page_id=1083\" target=\"_blank\"><img decoding=\"async\" src=\"https:\/\/kreativ.fimotic.com\/wp-content\/uploads\/2012\/canes\/canes_vorschaubilder1\/fimotic_fimocanes_46.jpg\" alt=\"Fimotic.com Fimocane\" \/><\/a> <a title=\"Fimotic.com Fimocaneanleitung Schritt f\u00fcr Schritt\" href=\"https:\/\/kreativ.fimotic.com\/?page_id=1115\"><img decoding=\"async\" src=\"https:\/\/kreativ.fimotic.com\/wp-content\/uploads\/2012\/canes\/canes_vorschaubilder1\/fimotic_fimocanes_47.jpg\" alt=\"Fimotic.com Fimocane\" \/><\/a><\/p>\n<p><a title=\"Fimotic.com Fimocaneanleitung Schritt f\u00fcr Schritt\" href=\"https:\/\/kreativ.fimotic.com\/?page_id=2341\" target=\"_blank\"><img decoding=\"async\" src=\"https:\/\/kreativ.fimotic.com\/wp-content\/uploads\/2012\/canes\/canes_vorschaubilder1\/fimotic_fimocanes_36.jpg\" alt=\"Fimotic.com Fimocane\" \/><\/a> <a title=\"Fimotic.com Fimocaneanleitung Schritt f\u00fcr Schritt\" href=\"https:\/\/kreativ.fimotic.com\/?page_id=1119\" target=\"_blank\"><img decoding=\"async\" src=\"https:\/\/kreativ.fimotic.com\/wp-content\/uploads\/2012\/canes\/canes_vorschaubilder1\/fimotic_fimocanes_37.jpg\" alt=\"Fimotic.com Fimocane\" \/><\/a> <a title=\"Fimotic.com Fimocaneanleitung Schritt f\u00fcr Schritt\" href=\"https:\/\/kreativ.fimotic.com\/?page_id=1121\" target=\"_blank\"><img decoding=\"async\" src=\"https:\/\/kreativ.fimotic.com\/wp-content\/uploads\/2012\/canes\/canes_vorschaubilder1\/fimotic_fimocanes_38.jpg\" alt=\"Fimotic.com Fimocane\" \/><\/a> <a title=\"Fimotic.com Fimocaneanleitung Schritt f\u00fcr Schritt\" href=\"https:\/\/kreativ.fimotic.com\/?page_id=2347\" target=\"_blank\"><img decoding=\"async\" src=\"https:\/\/kreativ.fimotic.com\/wp-content\/uploads\/2012\/canes\/canes_vorschaubilder1\/fimotic_fimocanes_39.jpg\" alt=\"Fimotic.com Fimocane\" \/><\/a> <a title=\"Fimotic.com Fimocaneanleitung Schritt f\u00fcr Schritt\" href=\"https:\/\/kreativ.fimotic.com\/?page_id=2351\" target=\"_blank\"><img decoding=\"async\" src=\"https:\/\/kreativ.fimotic.com\/wp-content\/uploads\/2012\/canes\/canes_vorschaubilder1\/fimotic_fimocanes_40.jpg\" alt=\"Fimotic.com Fimocane\" \/><\/a><\/p>\n<p><img decoding=\"async\" src=\"https:\/\/kreativ.fimotic.com\/wp-content\/uploads\/2012\/canes\/canes_vorschaubilder1\/fimotic_fimocanes_41.jpg\" alt=\"Fimotic.com Fimocane\" \/> <a title=\"Fimotic.com Fimocaneanleitung Schritt f\u00fcr Schritt\" href=\"https:\/\/kreativ.fimotic.com\/?page_id=2318\" target=\"_blank\"><img decoding=\"async\" src=\"https:\/\/kreativ.fimotic.com\/wp-content\/uploads\/2012\/canes\/canes_vorschaubilder1\/fimotic_fimocanes_42.jpg\" alt=\"Fimotic.com Fimocane\" \/><\/a> <a title=\"Fimotic.com Fimocaneanleitung Schritt f\u00fcr Schritt\" href=\"https:\/\/kreativ.fimotic.com\/?page_id=2318\" target=\"_blank\"><img decoding=\"async\" src=\"https:\/\/kreativ.fimotic.com\/wp-content\/uploads\/2012\/canes\/canes_vorschaubilder1\/fimotic_fimocanes_43.jpg\" alt=\"Fimotic.com Fimocane\" \/><\/a> <a title=\"Fimotic.com Fimocaneanleitung Schritt f\u00fcr Schritt\" href=\"https:\/\/kreativ.fimotic.com\/?page_id=1129\" target=\"_blank\"><img decoding=\"async\" src=\"https:\/\/kreativ.fimotic.com\/wp-content\/uploads\/2012\/canes\/canes_vorschaubilder1\/fimotic_fimocanes_44.jpg\" alt=\"Fimotic.com Fimocane\" \/><\/a> <a title=\"Fimotic.com Fimocaneanleitung Schritt f\u00fcr Schritt\" href=\"https:\/\/kreativ.fimotic.com\/?page_id=1173\" target=\"_blank\"><img decoding=\"async\" src=\"https:\/\/kreativ.fimotic.com\/wp-content\/uploads\/2012\/canes\/canes_vorschaubilder1\/fimotic_fimocanes_45.jpg\" alt=\"Fimotic.com Fimocane\" \/><\/a><\/p>\n<p>&nbsp;<\/p>\n","protected":false},"excerpt":{"rendered":"<p>Ein kleiner, nicht vollst\u00e4ndiger \u00dcberblick \u00fcber unsere Canes hier bei Fimotic.com Rechts &#8212;&#8211;&gt; in der Navigation findest Du s\u00e4mtliche Anleitungen in den verschiedenen Rubriken aufgelistet. Viel Spass beim schauen und mitmachen \ud83d\ude00 Eure Tumana &nbsp;<\/p>\n","protected":false},"author":2,"featured_media":0,"parent":97,"menu_order":0,"comment_status":"open","ping_status":"closed","template":"","meta":{"footnotes":""},"class_list":["post-3114","page","type-page","status-publish","hentry"],"_links":{"self":[{"href":"https:\/\/kreativ.fimotic.com\/index.php?rest_route=\/wp\/v2\/pages\/3114","targetHints":{"allow":["GET"]}}],"collection":[{"href":"https:\/\/kreativ.fimotic.com\/index.php?rest_route=\/wp\/v2\/pages"}],"about":[{"href":"https:\/\/kreativ.fimotic.com\/index.php?rest_route=\/wp\/v2\/types\/page"}],"author":[{"embeddable":true,"href":"https:\/\/kreativ.fimotic.com\/index.php?rest_route=\/wp\/v2\/users\/2"}],"replies":[{"embeddable":true,"href":"https:\/\/kreativ.fimotic.com\/index.php?rest_route=%2Fwp%2Fv2%2Fcomments&post=3114"}],"version-history":[{"count":10,"href":"https:\/\/kreativ.fimotic.com\/index.php?rest_route=\/wp\/v2\/pages\/3114\/revisions"}],"predecessor-version":[{"id":3124,"href":"https:\/\/kreativ.fimotic.com\/index.php?rest_route=\/wp\/v2\/pages\/3114\/revisions\/3124"}],"up":[{"embeddable":true,"href":"https:\/\/kreativ.fimotic.com\/index.php?rest_route=\/wp\/v2\/pages\/97"}],"wp:attachment":[{"href":"https:\/\/kreativ.fimotic.com\/index.php?rest_route=%2Fwp%2Fv2%2Fmedia&parent=3114"}],"curies":[{"name":"wp","href":"https:\/\/api.w.org\/{rel}","templated":true}]}}