{"id":2302,"date":"2012-06-04T05:58:40","date_gmt":"2012-06-04T05:58:40","guid":{"rendered":"http:\/\/kreativ.fimotic.com\/?page_id=2302"},"modified":"2012-06-05T08:15:55","modified_gmt":"2012-06-05T08:15:55","slug":"sparschaler","status":"publish","type":"page","link":"https:\/\/kreativ.fimotic.com\/?page_id=2302","title":{"rendered":"Sparsch\u00e4ler"},"content":{"rendered":"<h5>Dieser Artikel stammt von unserer Fimoanleitungsseite <a title=\"Fimoanleitungen nonstopp\" href=\"https:\/\/kreativ.fimotic.com\/?p=2299\" target=\"_blank\">fimoanleitung.schnugis.net<\/a> wo nochviiiieles darauf wartet entdeckt zu werden \ud83d\ude00<\/h5>\n<p>Scotty der Schatz sagt:<em> the right tool for the right job!<\/em><br \/>\nUnd da ich so selten in der K\u00fcche bin um was zu kochen *kicher* brauchen meine <em>tools<\/em> einen andern richtigen <em>job<\/em>: Fiiiiimoooooooo!!!!<\/p>\n<p><img decoding=\"async\" src=\"https:\/\/kreativ.fimotic.com\/wp-content\/uploads\/2012\/werkzeug\/kuechenschaeler\/kuechenschaeler_001.jpg\" alt=\"the right tool for the right job\" \/><\/p>\n<p>Die Scheibchen werden nicht so d\u00fcnn dass man transparentes Fimo damit hobeln k\u00f6nnte, aber f\u00fcr normale Perlen mit normalen Canes reicht es.<br \/>\nWer also mal nicht mit dem Messer schnibbeln mag &#8211; es ist eine gute Alternative.<\/p>\n<p><img decoding=\"async\" src=\"https:\/\/kreativ.fimotic.com\/wp-content\/uploads\/2012\/werkzeug\/kuechenschaeler\/kuechenschaeler_002.jpg\" alt=\"the right tool for the right job\" \/><\/p>\n<p>Wichtig ist dass Ihr immer guckt dass die Klinge in Ordnung ist.<br \/>\nOft fehlen kleine St\u00fcckchen vom k\u00e4mpfen in der K\u00fcche mit Lebensmitteln, das gibt dann unsch\u00f6ne Male ins Fimo.<br \/>\nAlso erst Klinge angucken und erst wenn f\u00fcr gut befunden ans Fimo lassen \ud83d\ude09<\/p>\n<p>Wenn Du jetzt ein Kribbeln versp\u00fcrst und Dein Blick hecktisch Richtung K\u00fcche wandert dann f\u00fchl Dich virtuell umarmt \ud83d\ude09 Du bist zu Hause hier!<br \/>\nLiebe Gr\u00fcsse,<br \/>\nEure Tumana<\/p>\n<p><a href=\"http:\/\/www.shareasale.com\/r.cfm?b=344640&amp;u=650366&amp;m=36334&amp;urllink=&amp;afftrack=\" target=\"_blank\"><img decoding=\"async\" src=\"http:\/\/www.shareasale.com\/image\/36334\/banner-DIYSupplies-250.gif\" alt=\"Kawaii Shop Modes4u.com\" border=\"0\" \/><\/a><br \/>\n<a href=\"http:\/\/www.shareasale.com\/r.cfm?b=349888&amp;u=650366&amp;m=36334&amp;urllink=&amp;afftrack=\">Free International Shipping on Orders over 60\u20ac<\/a><\/p>\n","protected":false},"excerpt":{"rendered":"<p>Dieser Artikel stammt von unserer Fimoanleitungsseite fimoanleitung.schnugis.net wo nochviiiieles darauf wartet entdeckt zu werden \ud83d\ude00 Scotty der Schatz sagt: the right tool for the right job! Und da ich so selten in der K\u00fcche bin um was zu kochen *kicher* &hellip; <a href=\"https:\/\/kreativ.fimotic.com\/?page_id=2302\">Weiterlesen <span class=\"meta-nav\">&rarr;<\/span><\/a><\/p>\n","protected":false},"author":2,"featured_media":0,"parent":239,"menu_order":0,"comment_status":"open","ping_status":"closed","template":"","meta":{"footnotes":""},"class_list":["post-2302","page","type-page","status-publish","hentry"],"_links":{"self":[{"href":"https:\/\/kreativ.fimotic.com\/index.php?rest_route=\/wp\/v2\/pages\/2302","targetHints":{"allow":["GET"]}}],"collection":[{"href":"https:\/\/kreativ.fimotic.com\/index.php?rest_route=\/wp\/v2\/pages"}],"about":[{"href":"https:\/\/kreativ.fimotic.com\/index.php?rest_route=\/wp\/v2\/types\/page"}],"author":[{"embeddable":true,"href":"https:\/\/kreativ.fimotic.com\/index.php?rest_route=\/wp\/v2\/users\/2"}],"replies":[{"embeddable":true,"href":"https:\/\/kreativ.fimotic.com\/index.php?rest_route=%2Fwp%2Fv2%2Fcomments&post=2302"}],"version-history":[{"count":2,"href":"https:\/\/kreativ.fimotic.com\/index.php?rest_route=\/wp\/v2\/pages\/2302\/revisions"}],"predecessor-version":[{"id":2384,"href":"https:\/\/kreativ.fimotic.com\/index.php?rest_route=\/wp\/v2\/pages\/2302\/revisions\/2384"}],"up":[{"embeddable":true,"href":"https:\/\/kreativ.fimotic.com\/index.php?rest_route=\/wp\/v2\/pages\/239"}],"wp:attachment":[{"href":"https:\/\/kreativ.fimotic.com\/index.php?rest_route=%2Fwp%2Fv2%2Fmedia&parent=2302"}],"curies":[{"name":"wp","href":"https:\/\/api.w.org\/{rel}","templated":true}]}}