{"id":2128,"date":"2012-05-07T14:30:49","date_gmt":"2012-05-07T14:30:49","guid":{"rendered":"http:\/\/kreativ.fimotic.com\/?page_id=2128"},"modified":"2012-05-07T15:35:28","modified_gmt":"2012-05-07T15:35:28","slug":"blattcane-5","status":"publish","type":"page","link":"https:\/\/kreativ.fimotic.com\/?page_id=2128","title":{"rendered":"Blattcane #5"},"content":{"rendered":"<p>Den Farbverlauf kennen wir doch \ud83d\ude00<br \/>\n<a title=\"Farbverlaufswurst ohne Pastamaschine - Fimotic.com Fimoanleitung\" href=\"https:\/\/kreativ.fimotic.com\/?page_id=2076\" target=\"_blank\"><img decoding=\"async\" src=\"https:\/\/kreativ.fimotic.com\/wp-content\/uploads\/2011\/07\/icon_link.gif\" alt=\"https:\/\/kreativ.fimotic.com\/wp-content\/uploads\/2011\/07\/icon_link.gif\" \/> zur Anleitung Farbverlaufswurst ohne Pastamaschine<\/a><br \/>\nAber nat\u00fcrlich geht jeder beliebige Farbverlauf, muss nicht pastamaschinenfrei handgeknetet sein \ud83d\ude09<\/p>\n<p><img decoding=\"async\" src=\"https:\/\/kreativ.fimotic.com\/wp-content\/uploads\/2012\/canes\/blattcane5\/blattcaneanleitung_1.jpg\" alt=\"Fimocaneanleitung Blatt mit Farbverlauf\" \/><\/p>\n<p>Es darf auch gern ein Restchen sein weil wir machen es eh platt:<\/p>\n<p><img decoding=\"async\" src=\"https:\/\/kreativ.fimotic.com\/wp-content\/uploads\/2012\/canes\/blattcane5\/blattcaneanleitung_2.jpg\" alt=\"Fimocaneanleitung Blatt mit Farbverlauf\" \/><\/p>\n<p>Noch platter.<\/p>\n<p><img decoding=\"async\" src=\"https:\/\/kreativ.fimotic.com\/wp-content\/uploads\/2012\/canes\/blattcane5\/blattcaneanleitung_3.jpg\" alt=\"Fimocaneanleitung Blatt mit Farbverlauf\" \/><\/p>\n<p>Und noch platter und l\u00e4nger. Geht auch ohne Pastamaschine, nur Geduld!<\/p>\n<p><img decoding=\"async\" src=\"https:\/\/kreativ.fimotic.com\/wp-content\/uploads\/2012\/canes\/blattcane5\/blattcaneanleitung_4.jpg\" alt=\"Fimocaneanleitung Blatt mit Farbverlauf\" \/><\/p>\n<p>Halbieren.<\/p>\n<p><img decoding=\"async\" src=\"https:\/\/kreativ.fimotic.com\/wp-content\/uploads\/2012\/canes\/blattcane5\/blattcaneanleitung_5.jpg\" alt=\"Fimocaneanleitung Blatt mit Farbverlauf\" \/><\/p>\n<p>Aufeinanderstapeln und nochmal halbieren.<\/p>\n<p><img decoding=\"async\" src=\"https:\/\/kreativ.fimotic.com\/wp-content\/uploads\/2012\/canes\/blattcane5\/blattcaneanleitung_6.jpg\" alt=\"Fimocaneanleitung Blatt mit Farbverlauf\" \/><\/p>\n<p>Stapeln.<\/p>\n<p><img decoding=\"async\" src=\"https:\/\/kreativ.fimotic.com\/wp-content\/uploads\/2012\/canes\/blattcane5\/blattcaneanleitung_7.jpg\" alt=\"Fimocaneanleitung Blatt mit Farbverlauf\" \/><\/p>\n<p>Mit Geduld, Feingef\u00fchl, einem Acrylstab oder einem \u00e4hnlichen Tool und einer Scheibe \/ CD-H\u00fclle o.\u00e4. machen wir aus dem Stapel einen Klotz.<\/p>\n<p><img decoding=\"async\" src=\"https:\/\/kreativ.fimotic.com\/wp-content\/uploads\/2012\/canes\/blattcane5\/blattcaneanleitung_8.jpg\" alt=\"Fimocaneanleitung Blatt mit Farbverlauf\" \/><\/p>\n<p>Das braucht ein wenig Geduld und etwas Zeit.<br \/>\nNie zu doll zusammenquetschen, immer nur St\u00fcckchen f\u00fcr St\u00fcckchen, wieder drehen, immer von allen sechs Seiten.<br \/>\nLeicht zusammendr\u00fccken, drehen. Leicht zusammendr\u00fccken, drehen&#8230;<br \/>\nImmer und immer wieder.<br \/>\nWenn Du nicht aufgibst bekommst Du sowas:<\/p>\n<p><img decoding=\"async\" src=\"https:\/\/kreativ.fimotic.com\/wp-content\/uploads\/2012\/canes\/blattcane5\/blattcaneanleitung_9.jpg\" alt=\"Fimocaneanleitung Blatt mit Farbverlauf\" \/><\/p>\n<p>Der Klotz, m\u00f6glichst quadratisch, bekommt eine d\u00fcnne schwarze Fimoplatte obendrauf.<br \/>\nJa auch das geht ohne Pastamaschine \ud83d\ude09<\/p>\n<p><img decoding=\"async\" src=\"https:\/\/kreativ.fimotic.com\/wp-content\/uploads\/2012\/canes\/blattcane5\/blattcaneanleitung_10.jpg\" alt=\"Fimocaneanleitung Blatt mit Farbverlauf\" \/><\/p>\n<p>Vierteln:<\/p>\n<p><img decoding=\"async\" src=\"https:\/\/kreativ.fimotic.com\/wp-content\/uploads\/2012\/canes\/blattcane5\/blattcaneanleitung_11.jpg\" alt=\"Fimocaneanleitung Blatt mit Farbverlauf\" \/><\/p>\n<p>Stapeln und genu so vorsichtig wie vorher&#8230;<\/p>\n<p><img decoding=\"async\" src=\"https:\/\/kreativ.fimotic.com\/wp-content\/uploads\/2012\/canes\/blattcane5\/blattcaneanleitung_12.jpg\" alt=\"Fimocaneanleitung Blatt mit Farbverlauf\" \/><\/p>\n<p>&#8230;reduzieren.<br \/>\nUnser Klotz soll m\u00f6glichst quadratisch sein.<\/p>\n<p><img decoding=\"async\" src=\"https:\/\/kreativ.fimotic.com\/wp-content\/uploads\/2012\/canes\/blattcane5\/blattcaneanleitung_13.jpg\" alt=\"Fimocaneanleitung Blatt mit Farbverlauf\" \/><\/p>\n<p>Joa, das ist ok.<br \/>\nUngef\u00e4hr quadratisch &#8211; passt \ud83d\ude00<br \/>\nDann stellst Du ihn so wie er auf dem Foto ist vor Dich hin und&#8230;<\/p>\n<p><img decoding=\"async\" src=\"https:\/\/kreativ.fimotic.com\/wp-content\/uploads\/2012\/canes\/blattcane5\/blattcaneanleitung_14.jpg\" alt=\"Fimocaneanleitung Blatt mit Farbverlauf\" \/><\/p>\n<p>&#8230;schneidest ihn diagonal durch:<\/p>\n<p><img decoding=\"async\" src=\"https:\/\/kreativ.fimotic.com\/wp-content\/uploads\/2012\/canes\/blattcane5\/blattcaneanleitung_15.jpg\" alt=\"Fimocaneanleitung Blatt mit Farbverlauf\" \/><\/p>\n<p>So:<\/p>\n<p><img decoding=\"async\" src=\"https:\/\/kreativ.fimotic.com\/wp-content\/uploads\/2012\/canes\/blattcane5\/blattcaneanleitung_16.jpg\" alt=\"Fimocaneanleitung Blatt mit Farbverlauf\" \/><\/p>\n<p>Die rechte H\u00e4lfte hab ich jetzt einfach umgedreht.<br \/>\nAls Anhaltspunkt f\u00fcr Dich die schwarze Fl\u00e4che: Auf dem Foto gleich da Oben ist die schwarze Fl\u00e4che rechts Unten.<br \/>\nJetzt ist sie rechts Oben.<\/p>\n<p><img decoding=\"async\" src=\"https:\/\/kreativ.fimotic.com\/wp-content\/uploads\/2012\/canes\/blattcane5\/blattcaneanleitung_17.jpg\" alt=\"Fimocaneanleitung Blatt mit Farbverlauf\" \/><\/p>\n<p>Zwischen die beiden H\u00e4lften eine d\u00fcnne schwarze Platte reinlegen&#8230;<\/p>\n<p><img decoding=\"async\" src=\"https:\/\/kreativ.fimotic.com\/wp-content\/uploads\/2012\/canes\/blattcane5\/blattcaneanleitung_18.jpg\" alt=\"Fimocaneanleitung Blatt mit Farbverlauf\" \/><\/p>\n<p>&#8230;ebenso eine d\u00fcnne schwarze Platte drum herum pappen:<\/p>\n<p><img decoding=\"async\" src=\"https:\/\/kreativ.fimotic.com\/wp-content\/uploads\/2012\/canes\/blattcane5\/blattcaneanleitung_19.jpg\" alt=\"Fimocaneanleitung Blatt mit Farbverlauf\" \/><\/p>\n<p>Den \u00dcbergang verschaffe ich mit einer Stricknadel, so platzt garantiert nichts und mein Blatt ist mit Sicherheit rund herum schwarz eingerahmt.<\/p>\n<p><img decoding=\"async\" src=\"https:\/\/kreativ.fimotic.com\/wp-content\/uploads\/2012\/canes\/blattcane5\/blattcaneanleitung_20.jpg\" alt=\"Fimocaneanleitung Blatt mit Farbverlauf\" \/><\/p>\n<p>Erst reduziere ich viereckig, dann rolle ich die Wurst langsam rund.<\/p>\n<p><img decoding=\"async\" src=\"https:\/\/kreativ.fimotic.com\/wp-content\/uploads\/2012\/canes\/blattcane5\/blattcaneanleitung_21.jpg\" alt=\"Fimocaneanleitung Blatt mit Farbverlauf\" \/><\/p>\n<p>Ein St\u00fcck von der Cane abschneiden und in Form bringen mit den Fingern &#8211; fertig ist unser Blatt \ud83d\ude00<\/p>\n<p><img decoding=\"async\" src=\"https:\/\/kreativ.fimotic.com\/wp-content\/uploads\/2012\/canes\/blattcane5\/blattcaneanleitung_22.jpg\" alt=\"Fimocaneanleitung Blatt mit Farbverlauf\" \/><\/p>\n<p>DAS war simpel, gell?<\/p>\n<p><img decoding=\"async\" src=\"https:\/\/kreativ.fimotic.com\/wp-content\/uploads\/2012\/canes\/blattcane5\/blattcaneanleitung_23.jpg\" alt=\"Fimocaneanleitung Blatt mit Farbverlauf\" \/><\/p>\n<p>Und wirklich ideal um ein Restchen Farbverlauf zu verarbeiten.<\/p>\n<p><img decoding=\"async\" src=\"https:\/\/kreativ.fimotic.com\/wp-content\/uploads\/2012\/canes\/blattcane5\/blattcaneanleitung_24.jpg\" alt=\"Fimocaneanleitung Blatt mit Farbverlauf\" \/><\/p>\n<p>Jetzt will die Blattcane nur noch verwurschtet werden.<br \/>\nPerlchen, Bl\u00fcmchen&#8230;. Du bist dran \ud83d\ude00<\/p>\n<p><img decoding=\"async\" src=\"https:\/\/kreativ.fimotic.com\/wp-content\/uploads\/2012\/canes\/blattcane5\/blattcaneanleitung_25.jpg\" alt=\"Fimocaneanleitung Blatt mit Farbverlauf\" \/><\/p>\n<p>A propos du bist dran: Das ist der typische Aufruf zu: Giiiiroooooo, rumtragen!<br \/>\nLos! Los!<\/p>\n<p><img decoding=\"async\" src=\"https:\/\/kreativ.fimotic.com\/wp-content\/uploads\/2012\/canes\/blattcane5\/katzenpost.jpg\" alt=\"Kartonschachteln sind enorm wichtig!\" \/><\/p>\n<p>Geht erstaunlich schnell und noch erstaunlicher einfach die Blattcane, gell?<br \/>\nIch hoffe Du hast da genau so viel Spass dran wie ich \ud83d\ude00<br \/>\nLiebe Gr\u00fcsse,<br \/>\nEure Tumana<\/p>\n<p><script type=\"text\/javascript\">\/\/ <![CDATA[\n google_ad_client = \"ca-pub-2458973701178268\"; \/* Seite Banner Text u Bild *\/ google_ad_slot = \"2140623015\"; google_ad_width = 468; google_ad_height = 60;\n\/\/ ]]><\/script><br \/>\n<script type=\"text\/javascript\" src=\"http:\/\/pagead2.googlesyndication.com\/pagead\/show_ads.js\">\/\/ <![CDATA[\n\n\/\/ ]]><\/script><\/p>\n","protected":false},"excerpt":{"rendered":"<p>Den Farbverlauf kennen wir doch \ud83d\ude00 zur Anleitung Farbverlaufswurst ohne Pastamaschine Aber nat\u00fcrlich geht jeder beliebige Farbverlauf, muss nicht pastamaschinenfrei handgeknetet sein \ud83d\ude09 Es darf auch gern ein Restchen sein weil wir machen es eh platt: Noch platter. Und noch &hellip; <a href=\"https:\/\/kreativ.fimotic.com\/?page_id=2128\">Weiterlesen <span class=\"meta-nav\">&rarr;<\/span><\/a><\/p>\n","protected":false},"author":2,"featured_media":0,"parent":97,"menu_order":0,"comment_status":"open","ping_status":"closed","template":"","meta":{"footnotes":""},"class_list":["post-2128","page","type-page","status-publish","hentry"],"_links":{"self":[{"href":"https:\/\/kreativ.fimotic.com\/index.php?rest_route=\/wp\/v2\/pages\/2128","targetHints":{"allow":["GET"]}}],"collection":[{"href":"https:\/\/kreativ.fimotic.com\/index.php?rest_route=\/wp\/v2\/pages"}],"about":[{"href":"https:\/\/kreativ.fimotic.com\/index.php?rest_route=\/wp\/v2\/types\/page"}],"author":[{"embeddable":true,"href":"https:\/\/kreativ.fimotic.com\/index.php?rest_route=\/wp\/v2\/users\/2"}],"replies":[{"embeddable":true,"href":"https:\/\/kreativ.fimotic.com\/index.php?rest_route=%2Fwp%2Fv2%2Fcomments&post=2128"}],"version-history":[{"count":3,"href":"https:\/\/kreativ.fimotic.com\/index.php?rest_route=\/wp\/v2\/pages\/2128\/revisions"}],"predecessor-version":[{"id":2133,"href":"https:\/\/kreativ.fimotic.com\/index.php?rest_route=\/wp\/v2\/pages\/2128\/revisions\/2133"}],"up":[{"embeddable":true,"href":"https:\/\/kreativ.fimotic.com\/index.php?rest_route=\/wp\/v2\/pages\/97"}],"wp:attachment":[{"href":"https:\/\/kreativ.fimotic.com\/index.php?rest_route=%2Fwp%2Fv2%2Fmedia&parent=2128"}],"curies":[{"name":"wp","href":"https:\/\/api.w.org\/{rel}","templated":true}]}}