{"id":1099,"date":"2012-02-17T20:47:25","date_gmt":"2012-02-17T20:47:25","guid":{"rendered":"http:\/\/kreativ.fimotic.com\/?page_id=1099"},"modified":"2012-02-17T20:55:23","modified_gmt":"2012-02-17T20:55:23","slug":"drachenauge","status":"publish","type":"page","link":"https:\/\/kreativ.fimotic.com\/?page_id=1099","title":{"rendered":"Drachenauge"},"content":{"rendered":"<p>Die Anleitung stammt von unserer Seite <a title=\"viele viele Anleitungen rund ums Thema Fimo\" href=\"http:\/\/fimo.schnugis.net\/\" target=\"_blank\">fimo.schnugis.net<\/a> wo noch viele andere Anleitungen darauf warten entdeckt zu werden.<\/p>\n<p>Nein Du bist nicht bei dem Ringfrosch gelandet obwohl das Auge wirklich gewisse \u00c4hnlichkeit hat \ud83d\ude00<br \/>\nErst mal brauchen wir W\u00fcrstchen. Ich benutze leichtsinnigerweise meine Knochenbrecher-Claygun, geht wirklich auch ohne und mit runden W\u00fcrstchen.<br \/>\nMuss nur ein bissel mit meiner Hardware angeben \ud83d\ude09<\/p>\n<p><img decoding=\"async\" src=\"..\/wp-content\/uploads\/2012\/canes\/drachenaugencane\/fimo_dragons-eye-cane-001.jpg\" alt=\"fimotic.com Drauchenauge-Cane\" \/><\/p>\n<p>So, das sind meine Farben:<br \/>\nUnd zwar: vier weisse, sechs gelbe, vier orangene, zwei rote und ein schwarzes.<br \/>\nNun bilden wir die erste Reihe von unserer Cane: Ich hab die W\u00fcrstchen 15cm lang gemacht, sie d\u00fcrfen gerne auch l\u00e4nger sein.<br \/>\nDer gr\u00f6sste Fehler bei dieser Cane ist am Fimo zu sparen, das kommt nicht gut.<\/p>\n<p><img decoding=\"async\" src=\"..\/wp-content\/uploads\/2012\/canes\/drachenaugencane\/fimo_dragons-eye-cane-002.jpg\" alt=\"fimotic.com Drauchenauge-Cane\" \/><\/p>\n<p>In folgender Reihenfolge legen wir die erste Schicht: weiss, gelb, orange und rot.<\/p>\n<p><img decoding=\"async\" src=\"..\/wp-content\/uploads\/2012\/canes\/drachenaugencane\/fimo_dragons-eye-cane-003.jpg\" alt=\"fimotic.com Drauchenauge-Cane\" \/><\/p>\n<p>Die zweite Schicht: gelb, weiss, gelb, orange.<\/p>\n<p><img decoding=\"async\" src=\"..\/wp-content\/uploads\/2012\/canes\/drachenaugencane\/fimo_dragons-eye-cane-004.jpg\" alt=\"fimotic.com Drauchenauge-Cane\" \/><\/p>\n<p>Die dritte Schicht: orange, gelb, weiss, gelb.<\/p>\n<p><img decoding=\"async\" src=\"..\/wp-content\/uploads\/2012\/canes\/drachenaugencane\/fimo_dragons-eye-cane-005.jpg\" alt=\"fimotic.com Drauchenauge-Cane\" \/><\/p>\n<p>Nun die vierte und somit letzte Schicht: rot, orange, gelb, weiss.<\/p>\n<p><img decoding=\"async\" src=\"..\/wp-content\/uploads\/2012\/canes\/drachenaugencane\/fimo_dragons-eye-cane-006.jpg\" alt=\"fimotic.com Drauchenauge-Cane\" \/><\/p>\n<p>Den W\u00fcrstelberg h\u00e4tten wir geschafft \ud83d\ude00<\/p>\n<p><img decoding=\"async\" src=\"..\/wp-content\/uploads\/2012\/canes\/drachenaugencane\/fimo_dragons-eye-cane-007.jpg\" alt=\"fimotic.com Drauchenauge-Cane\" \/><\/p>\n<p>Vorn und hinten sieht&#8217;s nun so aus:<\/p>\n<p><img decoding=\"async\" src=\"..\/wp-content\/uploads\/2012\/canes\/drachenaugencane\/fimo_dragons-eye-cane-008.jpg\" alt=\"fimotic.com Drauchenauge-Cane\" \/><\/p>\n<p>Jetzt dr\u00fccken wir das eine schwarze viereckige W\u00fcrstchen platt und schneiden es der L\u00e4nge nach entzwei.<\/p>\n<p><img decoding=\"async\" src=\"..\/wp-content\/uploads\/2012\/canes\/drachenaugencane\/fimo_dragons-eye-cane-009.jpg\" alt=\"fimotic.com Drauchenauge-Cane\" \/><\/p>\n<p>An die Kanten der beiden roten W\u00fcrste kommt nun ein wenig schwarz:<\/p>\n<p><img decoding=\"async\" src=\"..\/wp-content\/uploads\/2012\/canes\/drachenaugencane\/fimo_dragons-eye-cane-010.jpg\" alt=\"fimotic.com Drauchenauge-Cane\" \/><\/p>\n<p>Nun das schwierigste am der ganzen Cane: das Rechteck stellen wir nun auf die Kante von der weissen Fimowurst und dr\u00fccken das ganze ganz langsam und vorsichtig platt. Zuerst mit der Hand mit viel Gef\u00fchl dass die Farben nicht verrutschen (ist halt ein wenig bl\u00f6d weil&#8217;s wirklich grad auf der Kante stehen soll), dann nehme ich eine Flasche zu Hilfe und walle die Platte langsam aus. Sobald sie in die Pastamaschine passt drehe ich sie auf der dicksten Stufe einmal durch.<\/p>\n<p><img decoding=\"async\" src=\"..\/wp-content\/uploads\/2012\/canes\/drachenaugencane\/fimo_dragons-eye-cane-011.jpg\" alt=\"fimotic.com Drauchenauge-Cane\" \/><\/p>\n<p>Je nachdem wie lang die Fimoplatte nun ist schneiden wir die Platte in St\u00fccke. Bei mir hat&#8217;s f\u00fcr F\u00fcnf gereicht. Weniger empfehle ich nicht, mehr ist immer besser.<\/p>\n<p><img decoding=\"async\" src=\"..\/wp-content\/uploads\/2012\/canes\/drachenaugencane\/fimo_dragons-eye-cane-012.jpg\" alt=\"fimotic.com Drauchenauge-Cane\" \/><\/p>\n<p>Nun darf ein wenig geformt werden. Plattdr\u00fccken und schm\u00e4ler machen, plattdr\u00fccken, schm\u00e4ler&#8230;..<\/p>\n<p><img decoding=\"async\" src=\"..\/wp-content\/uploads\/2012\/canes\/drachenaugencane\/fimo_dragons-eye-cane-013.jpg\" alt=\"fimotic.com Drauchenauge-Cane\" \/><\/p>\n<p>W\u00e4hrend mein graues Riesenbaby friedlich in ihrer T\u00fcte hockt und \u00fcber den Sinn des Lebens philosophiert, forme ich die entstandene dicke Fimoplatte zu einem Dreieck und schneide sie in f\u00fcnf St\u00fccke. Damit das Auge eine Pupille erh\u00e4lt, forme ich aus schwarzem Fimo eine Kugel aus der ich eine spitz zulaufende Ellipse mache.<\/p>\n<p><img decoding=\"async\" src=\"..\/wp-content\/uploads\/2012\/canes\/drachenaugencane\/tuetenkatze.jpg\" alt=\"https:\/\/kreativ.fimotic.com\/wp-content\/uploads\/2012\/canes\/drachenaugencane\/tuetenkatze.jpg\" \/><\/p>\n<p>Die Dreiecke werden im Kreis angeordnet.<\/p>\n<p><img decoding=\"async\" src=\"..\/wp-content\/uploads\/2012\/canes\/drachenaugencane\/fimo_dragons-eye-cane-014.jpg\" alt=\"fimotic.com Drauchenauge-Cane\" \/><\/p>\n<p>Hier habe ich die Triangel um die Pupille drappiert:<\/p>\n<p><img decoding=\"async\" src=\"..\/wp-content\/uploads\/2012\/canes\/drachenaugencane\/fimo_dragons-eye-cane-015.jpg\" alt=\"fimotic.com Drauchenauge-Cane\" \/><\/p>\n<p>Es darf reduziert werden! Zuerst umfasse ich die grosse Cane mit beiden H\u00e4nden und presse sie vorsichtig zusammen, lasse sie dabei auf dem Tisch (und Backpapier) liegen. Mit Geduld und Gef\u00fchl wird wieder eine Wurst draus:<\/p>\n<p><img decoding=\"async\" src=\"..\/wp-content\/uploads\/2012\/canes\/drachenaugencane\/fimo_dragons-eye-cane-016.jpg\" alt=\"fimotic.com Drauchenauge-Cane\" \/><\/p>\n<p>Aufschneiden und tatatataaaaaaaaaa&#8230;..<\/p>\n<p><img decoding=\"async\" src=\"..\/wp-content\/uploads\/2012\/canes\/drachenaugencane\/fimo_dragons-eye-cane-017.jpg\" alt=\"fimotic.com Drauchenauge-Cane\" \/><\/p>\n<p>Wow! Die Cane hier ist noch relativ gross &#8211; nochmals um die H\u00e4lfte reduziert wird sie einfach phantastisch aussehen!<\/p>\n<p><img decoding=\"async\" src=\"..\/wp-content\/uploads\/2012\/canes\/drachenaugencane\/fimo_dragons-eye-cane-018.jpg\" alt=\"fimotic.com Drauchenauge-Cane\" \/><\/p>\n<p>Nein, es gibt wirklich keinen Ring den Ihr vernichten m\u00fcsst, keine Angst \ud83d\ude09<br \/>\nDie Cane ist \u00e4usserst praktisch f\u00fcr ganz viele Projekte, Perlen sehen phantastisch aus aber auch Augen f\u00fcr Drachen und andere Freunde.<br \/>\nMuss man haben \ud83d\ude09<br \/>\nViel Spass beim werkeln und wurschteln,<br \/>\nliebe Gr\u00fcsse,<br \/>\nEure Tumana<\/p>\n","protected":false},"excerpt":{"rendered":"<p>Die Anleitung stammt von unserer Seite fimo.schnugis.net wo noch viele andere Anleitungen darauf warten entdeckt zu werden. Nein Du bist nicht bei dem Ringfrosch gelandet obwohl das Auge wirklich gewisse \u00c4hnlichkeit hat \ud83d\ude00 Erst mal brauchen wir W\u00fcrstchen. Ich benutze &hellip; <a href=\"https:\/\/kreativ.fimotic.com\/?page_id=1099\">Weiterlesen <span class=\"meta-nav\">&rarr;<\/span><\/a><\/p>\n","protected":false},"author":2,"featured_media":0,"parent":97,"menu_order":0,"comment_status":"open","ping_status":"closed","template":"","meta":{"footnotes":""},"class_list":["post-1099","page","type-page","status-publish","hentry"],"_links":{"self":[{"href":"https:\/\/kreativ.fimotic.com\/index.php?rest_route=\/wp\/v2\/pages\/1099","targetHints":{"allow":["GET"]}}],"collection":[{"href":"https:\/\/kreativ.fimotic.com\/index.php?rest_route=\/wp\/v2\/pages"}],"about":[{"href":"https:\/\/kreativ.fimotic.com\/index.php?rest_route=\/wp\/v2\/types\/page"}],"author":[{"embeddable":true,"href":"https:\/\/kreativ.fimotic.com\/index.php?rest_route=\/wp\/v2\/users\/2"}],"replies":[{"embeddable":true,"href":"https:\/\/kreativ.fimotic.com\/index.php?rest_route=%2Fwp%2Fv2%2Fcomments&post=1099"}],"version-history":[{"count":6,"href":"https:\/\/kreativ.fimotic.com\/index.php?rest_route=\/wp\/v2\/pages\/1099\/revisions"}],"predecessor-version":[{"id":1300,"href":"https:\/\/kreativ.fimotic.com\/index.php?rest_route=\/wp\/v2\/pages\/1099\/revisions\/1300"}],"up":[{"embeddable":true,"href":"https:\/\/kreativ.fimotic.com\/index.php?rest_route=\/wp\/v2\/pages\/97"}],"wp:attachment":[{"href":"https:\/\/kreativ.fimotic.com\/index.php?rest_route=%2Fwp%2Fv2%2Fmedia&parent=1099"}],"curies":[{"name":"wp","href":"https:\/\/api.w.org\/{rel}","templated":true}]}}